 divided by 21.
16
Calculate the remainder when 1664 is divided by 1640.
24
Calculate the remainder when 1196 is divided by 50.
46
What is the remainder when 253 is divided by 224?
29
Calculate the remainder when 1692 is divided by 274.
48
What is the remainder when 353 is divided by 54?
29
Calculate the remainder when 1284 is divided by 55.
19
Calculate the remainder when 2566 is divided by 24.
22
What is the remainder when 820 is divided by 36?
28
Calculate the remainder when 1584 is divided by 266.
254
What is the remainder when 881 is divided by 21?
20
Calculate the remainder when 228 is divided by 23.
21
What is the remainder when 486 is divided by 123?
117
Calculate the remainder when 1533 is divided by 60.
33
Calculate the remainder when 1128 is divided by 368.
24
Calculate the remainder when 445 is divided by 64.
61
What is the remainder when 250 is divided by 30?
10
Calculate the remainder when 651 is divided by 19.
5
What is the remainder when 34 is divided by 6?
4
What is the remainder when 130 is divided by 69?
61
What is the remainder when 58 is divided by 22?
14
What is the remainder when 92 is divided by 26?
14
What is the remainder when 44 is divided by 31?
13
What is the remainder when 540 is divided by 118?
68
Calculate the remainder when 95 is divided by 26.
17
What is the remainder when 433 is divided by 15?
13
What is the remainder when 267 is divided by 10?
7
Calculate the remainder when 1738 is divided by 67.
63
What is the remainder when 66 is divided by 50?
16
What is the remainder when 2238 is divided by 66?
60
What is the remainder when 233 is divided by 232?
1
What is the remainder when 130 is divided by 49?
32
What is the remainder when 602 is divided by 315?
287
Calculate the remainder when 121 is divided by 9.
4
Calculate the remainder when 79 is divided by 27.
25
Calculate the remainder when 3057 is divided by 20.
17
What is the remainder when 1422 is divided by 25?
22
Calculate the remainder when 134 is divided by 34.
32
Calculate the remainder when 822 is divided by 174.
126
Calculate the remainder when 909 is divided by 24.
21
Calculate the remainder when 1286 is divided by 56.
54
Calculate the remainder when 18790 is divided by 72.
70
What is the remainder when 199 is divided by 17?
12
Calculate the remainder when 2913 is divided by 266.
253
What is the remainder when 74 is divided by 14?
4
What is the remainder when 501 is divided by 133?
102
What is the remainder when 547 is divided by 92?
87
Calculate the remainder when 77 is divided by 25.
2
What is the remainder when 1077 is divided by 133?
13
What is the remainder when 86 is divided by 44?
42
Calculate the remainder when 574 is divided by 287.
0
What is the remainder when 1233 is divided by 57?
36
Calculate the remainder when 1143 is divided by 119.
72
Calculate the remainder when 11 is divided by 4.
3
Calculate the remainder when 1309 is divided by 210.
49
Calculate the remainder when 452 is divided by 35.
32
Calculate the remainder when 836 is divided by 76.
0
What is the remainder when 241 is divided by 32?
17
What is the remainder when 905 is divided by 128?
9
What is the remainder when 424 is divided by 86?
80
What is the remainder when 1310 is divided by 13?
10
Calculate the remainder when 373 is divided by 34.
33
What is the remainder when 80 is divided by 70?
10
What is the remainder when 611 is divided by 34?
33
Calculate the remainder when 307 is divided by 12.
7
Calculate the remainder when 204 is divided by 9.
6
Calculate the remainder when 411 is divided by 15.
6
Calculate the remainder when 347 is divided by 39.
35
What is the remainder when 1011 is divided by 39?
36
What is the remainder when 286 is divided by 29?
25
Calculate the remainder when 171 is divided by 103.
68
What is the remainder when 152 is divided by 53?
46
Calculate the remainder when 213 is divided by 31.
27
Calculate the remainder when 458 is divided by 21.
17
Calculate the remainder when 183 is divided by 4.
3
What is the remainder when 177 is divided by 6?
3
What is the remainder when 699 is divided by 48?
27
Calculate the remainder when 97 is divided by 56.
41
What is the remainder when 196 is divided by 52?
40
What is the remainder when 331 is divided by 4?
3
What is the remainder when 223 is divided by 45?
43
Calculate the remainder when 64 is divided by 42.
22
What is the remainder when 1181 is divided by 108?
101
Calculate the remainder when 281 is divided by 3.
2
Calculate the remainder when 445 is divided by 94.
69
Calculate the remainder when 2554 is divided by 35.
34
Calculate the remainder when 3922 is divided by 978.
10
Calculate the remainder when 96 is divided by 48.
0
Calculate the remainder when 73 is divided by 21.
10
Calculate the remainder when 570 is divided by 50.
20
Calculate the remainder when 549 is divided by 75.
24
What is the remainder when 1173 is divided by 21?
18
Calculate the remainder when 35 is divided by 9.
8
Calculate the remainder when 2224 is divided by 24.
16
What is the remainder when 43 is divided by 32?
11
Calculate the remainder when 43 is divided by 16.
11
Calculate the remainder when 130 is divided by 20.
10
What is the remainder when 17853 is divided by 16?
13
What is the remainder when 1119 is divided by 28?
27
Calculate the remainder when 3118 is divided by 104.
102
Calculate the remainder when 1894 is divided by 13.
9
Calculate the remainder when 216 is divided by 55.
51
Calculate the remainder when 255 is divided by 8.
7
What is the remainder when 627 is divided by 18?
15
Calculate the remainder when 64 is divided by 36.
28
What is the remainder when 153 is divided by 39?
36
What is the remainder when 196 is divided by 58?
22
Calculate the remainder when 886 is divided by 191.
122
What is the remainder when 28 is divided by 18?
10
What is the remainder when 191 is divided by 74?
43
Calculate the remainder when 852 is divided by 168.
12
Calculate the remainder when 7265 is divided by 7263.
2
What is the remainder when 1395 is divided by 56?
51
What is the remainder when 710 is divided by 23?
20
What is the remainder when 412 is divided by 60?
52
Calculate the remainder when 282 is divided by 26.
22
What is the remainder when 221 is divided by 74?
73
Calculate the remainder when 295 is divided by 50.
45
What is the remainder when 189 is divided by 20?
9
What is the remainder when 1727 is divided by 216?
215
What is the remainder when 148 is divided by 138?
10
Calculate the remainder when 2740 is divided by 910.
10
What is the remainder when 277 is divided by 98?
81
Calculate the remainder when 1502 is divided by 163.
35
Calculate the remainder when 6332 is divided by 22.
18
What is the remainder when 1811 is divided by 12?
11
Calculate the remainder when 428 is divided by 86.
84
What is the remainder when 405 is divided by 41?
36
What is the remainder when 293 is divided by 9?
5
What is the remainder when 1174 is divided by 12?
10
What is the remainder when 168 is divided by 168?
0
What is the remainder when 232 is divided by 47?
44
What is the remainder when 5338 is divided by 134?
112
Calculate the remainder when 1023 is divided by 114.
111
What is the remainder when 1183 is divided by 15?
13
What is the remainder when 165 is divided by 15?
0
What is the remainder when 714 is divided by 356?
2
Calculate the remainder when 1011 is divided by 326.
33
Calculate the remainder when 336 is divided by 67.
1
What is the remainder when 121 is divided by 19?
7
Calculate the remainder when 190 is divided by 32.
30
Calculate the remainder when 232 is divided by 48.
40
Calculate the remainder when 1458 is divided by 19.
14
Calculate the remainder when 726 is divided by 678.
48
Calculate the remainder when 266 is divided by 82.
20
What is the remainder when 170 is divided by 70?
30
What is the remainder when 1031 is divided by 24?
23
What is the remainder when 403 is divided by 27?
25
What is the remainder when 405 is divided by 126?
27
Calculate the remainder when 323 is divided by 41.
36
What is the remainder when 119 is divided by 3?
2
Calculate the remainder when 1465 is divided by 32.
25
Calculate the remainder when 1981 is divided by 652.
25
Calculate the remainder when 1392 is divided by 31.
28
What is the remainder when 9